{"id":4444,"date":"2013-05-23T19:43:10","date_gmt":"2013-05-23T18:43:10","guid":{"rendered":"http:\/\/esperanto-aeh.eu\/?page_id=4444"},"modified":"2018-03-30T16:33:23","modified_gmt":"2018-03-30T14:33:23","slug":"csvitejteeobonvenon","status":"publish","type":"page","link":"https:\/\/esperanto-aeh.eu\/eo\/csvitejteeobonvenon\/","title":{"rendered":"Bonvenon"},"content":{"rendered":"<p style=\"text-align: justify;\"><strong><span style=\"font-family: arial,helvetica,sans-serif; font-size: large; color: #000000;\">Asocio de Esperantistoj-Handikapuloj<\/span><span style=\"font-family: arial,helvetica,sans-serif; font-size: large;\"> fondita en la jaro 1990 kiel unusola de sia speco en \u0108e\u0125a respubliko kaj en E\u016dropo.<\/span><span style=\"font-size: large;\"> <a href=\"http:\/\/esperanto-aeh.eu\/wp-content\/uploads\/Dr\u00e1\u017e\u010fany-e1385069843824.jpg\"><img loading=\"lazy\" decoding=\"async\" class=\"alignright size-medium wp-image-2148\" src=\"http:\/\/esperanto-aeh.eu\/wp-content\/uploads\/Dr\u00e1\u017e\u010fany-e1385069843824-300x238.jpg\" alt=\"Dr\u00e1\u017e\u010fany\" width=\"300\" height=\"238\" srcset=\"https:\/\/esperanto-aeh.eu\/wp-content\/uploads\/Dr\u00e1\u017e\u010fany-e1385069843824-300x238.jpg 300w, https:\/\/esperanto-aeh.eu\/wp-content\/uploads\/Dr\u00e1\u017e\u010fany-e1385069843824.jpg 941w\" sizes=\"auto, (max-width: 300px) 100vw, 300px\" \/><\/a><\/span><\/strong><\/p>\n<p style=\"text-align: justify;\"><strong>Sociigas handikapitajn civitanojn, kiuj posedas, studas a\u016d volas ellerni la internacian lingvon Esperanto.<\/strong><\/p>\n<p style=\"text-align: justify;\"><strong>Aran\u011das regulajn kursojn de Esperanto, anka\u016d korespondajn per ekstera formo, kiu respektas tempajn eblecojn de la partoprenantoj.<\/strong><\/p>\n<p style=\"text-align: justify;\"><strong>Organizas regulajn semajnfinajn kaj tutsemajnajn seminariojn kiel kompletigan formon de eksteraj kursoj por pliperfektigado de konversacia praktiko.<\/strong><\/p>\n<p style=\"text-align: justify;\"><strong>Helpas por la sinrealigo de invalidaj civitanoj kaj por la akiro de memfido pri propraj kapabloj.<\/strong><\/p>\n<p style=\"text-align: justify;\"><strong>Ebligas rilatojn kun la homoj same handikapitaj, de la sama sorto kaj kun la samaj hobioj en \u0109iuj landoj, kun la homoj sopirantaj pri amikaj rilatoj.<\/strong><\/p>\n<p style=\"text-align: justify;\"><strong>Havas nuntempe pli ol 160 membrojn, el tiu nombro 30 geamikojn el 17 ne-\u0109ehaj landoj. \u00a0 <\/strong><\/p>\n<p style=\"text-align: justify;\"><strong><span style=\"font-size: large;\">Eldonas kaj ekspedas regule dum la tuta jaro gazeton <em><span style=\"color: #008000;\">Informilo<\/span>\u00a0<\/em> kaj kvaronjare almanakon <span style=\"color: #008000;\"><em>Anta\u016den<\/em><\/span>. La abono estas 20<span style=\"font-size: 12pt; font-family: 'Times New Roman';\">\u20ac,<\/span>\u00a0 <\/span><span style=\"font-size: large;\">jarkotizo estas libervola.<\/span><\/strong><\/p>\n<p style=\"text-align: justify;\"><strong>Prezidanto de AEH: Lenka Angelov\u00e1<\/strong><\/p>\n<p style=\"text-align: justify;\"><strong>Gvidanto de Internacia klubo AEH: Pavol Petrik<\/strong><\/p>\n","protected":false},"excerpt":{"rendered":"<p>Asocio de Esperantistoj-Handikapuloj fondita en la jaro 1990 kiel unusola de sia speco en \u0108e\u0125a respubliko kaj en E\u016dropo. Sociigas handikapitajn civitanojn, kiuj posedas, studas a\u016d volas ellerni la internacian lingvon Esperanto. Aran\u011das regulajn kursojn de Esperanto, anka\u016d korespondajn per ekstera formo, kiu respektas tempajn eblecojn de la partoprenantoj. Organizas regulajn semajnfinajn kaj tutsemajnajn seminariojn [&hellip;]<\/p>\n","protected":false},"author":4,"featured_media":0,"parent":0,"menu_order":0,"comment_status":"closed","ping_status":"closed","template":"","meta":{"footnotes":""},"class_list":["post-4444","page","type-page","status-publish","hentry","clear"],"_links":{"self":[{"href":"https:\/\/esperanto-aeh.eu\/eo\/wp-json\/wp\/v2\/pages\/4444","targetHints":{"allow":["GET"]}}],"collection":[{"href":"https:\/\/esperanto-aeh.eu\/eo\/wp-json\/wp\/v2\/pages"}],"about":[{"href":"https:\/\/esperanto-aeh.eu\/eo\/wp-json\/wp\/v2\/types\/page"}],"author":[{"embeddable":true,"href":"https:\/\/esperanto-aeh.eu\/eo\/wp-json\/wp\/v2\/users\/4"}],"replies":[{"embeddable":true,"href":"https:\/\/esperanto-aeh.eu\/eo\/wp-json\/wp\/v2\/comments?post=4444"}],"version-history":[{"count":0,"href":"https:\/\/esperanto-aeh.eu\/eo\/wp-json\/wp\/v2\/pages\/4444\/revisions"}],"wp:attachment":[{"href":"https:\/\/esperanto-aeh.eu\/eo\/wp-json\/wp\/v2\/media?parent=4444"}],"curies":[{"name":"wp","href":"https:\/\/api.w.org\/{rel}","templated":true}]}}

<p style="text-align: justify;"><strong><span style="font-family: arial,helvetica,sans-serif; font-size: large; color: #000000;">Asocio de Esperantistoj-Handikapuloj</span><span style="font-family: arial,helvetica,sans-serif; font-size: large;"> fondita en la jaro 1990 kiel unusola de sia speco en Ĉeĥa respubliko kaj en Eŭropo.</span><span style="font-size: large;"> <a href="http://esperanto-aeh.eu/wp-content/uploads/Drážďany-e1385069843824.jpg"><img loading="lazy" decoding="async" class="alignright size-medium wp-image-2148" src="http://esperanto-aeh.eu/wp-content/uploads/Drážďany-e1385069843824-300x238.jpg" alt="Drážďany" width="300" height="238" srcset="https://esperanto-aeh.eu/wp-content/uploads/Drážďany-e1385069843824-300x238.jpg 300w, https://esperanto-aeh.eu/wp-content/uploads/Drážďany-e1385069843824.jpg 941w" sizes="auto, (max-width: 300px) 100vw, 300px" /></a></span></strong></p>
<p style="text-align: justify;"><strong>Sociigas handikapitajn civitanojn, kiuj posedas, studas aŭ volas ellerni la internacian lingvon Esperanto.</strong></p>
<p style="text-align: justify;"><strong>Aranĝas regulajn kursojn de Esperanto, ankaŭ korespondajn per ekstera formo, kiu respektas tempajn eblecojn de la partoprenantoj.</strong></p>
<p style="text-align: justify;"><strong>Organizas regulajn semajnfinajn kaj tutsemajnajn seminariojn kiel kompletigan formon de eksteraj kursoj por pliperfektigado de konversacia praktiko.</strong></p>
<p style="text-align: justify;"><strong>Helpas por la sinrealigo de invalidaj civitanoj kaj por la akiro de memfido pri propraj kapabloj.</strong></p>
<p style="text-align: justify;"><strong>Ebligas rilatojn kun la homoj same handikapitaj, de la sama sorto kaj kun la samaj hobioj en ĉiuj landoj, kun la homoj sopirantaj pri amikaj rilatoj.</strong></p>
<p style="text-align: justify;"><strong>Havas nuntempe pli ol 160 membrojn, el tiu nombro 30 geamikojn el 17 ne-ĉehaj landoj.   </strong></p>
<p style="text-align: justify;"><strong><span style="font-size: large;">Eldonas kaj ekspedas regule dum la tuta jaro gazeton <em><span style="color: #008000;">Informilo</span> </em> kaj kvaronjare almanakon <span style="color: #008000;"><em>Antaŭen</em></span>. La abono estas 20<span style="font-size: 12pt; font-family: 'Times New Roman';">€,</span>  </span><span style="font-size: large;">jarkotizo estas libervola.</span></strong></p>
<p style="text-align: justify;"><strong>Prezidanto de AEH: Lenka Angelová</strong></p>
<p style="text-align: justify;"><strong>Gvidanto de Internacia klubo AEH: Pavol Petrik</strong></p>

<p>Asocio de Esperantistoj-Handikapuloj fondita en la jaro 1990 kiel unusola de sia speco en Ĉeĥa respubliko kaj en Eŭropo. Sociigas handikapitajn civitanojn, kiuj posedas, studas aŭ volas ellerni la internacian lingvon Esperanto. Aranĝas regulajn kursojn de Esperanto, ankaŭ korespondajn per ekstera formo, kiu respektas tempajn eblecojn de la partoprenantoj. Organizas regulajn semajnfinajn kaj tutsemajnajn seminariojn [&hellip;]</p>
